 by (-4)/(-6)*(-36)/(-8)?
2
Suppose y + 0*q = 2*q + 19, 5*q + 42 = 2*y. Calculate the remainder when 20 is divided by y.
9
Suppose 5*r - 55 = 90. What is the remainder when r is divided by 6?
5
Suppose -2*l = -3*l + 4. Let j = 8 + -5. Suppose 2*b + 2*d - 18 = 0, l*b - 4*d - 9 = j*b. Calculate the remainder when 25 is divided by b.
7
Suppose 3*i = -4*w + 4*i + 39, -32 = -2*w - 2*i. Calculate the remainder when 43 is divided by w.
10
Let k = -91 + 138. Let m = k - 7. What is the remainder when m is divided by 14?
12
Calculate the remainder when 14/4*(-416)/(-56) is divided by 9.
8
Let j(w) = -w**3 + 3*w**2 + w + 1. Suppose 5*q = -0*q + 35. Calculate the remainder when q is divided by j(3).
3
Let x(j) = 3*j**2 - 3*j + 5. Let d(t) = -3*t + 4*t + 0 - 1 + 4*t**2. Let v be d(1). What is the remainder when x(v) is divided by 21?
20
Let f(d) = d**2 + 2*d + 8. What is the remainder when 45 is divided by f(-4)?
13
Suppose -t = -4*t + 15, -5*l = 4*t - 315. Suppose l = -4*n + 5*n. What is the remainder when n is divided by 20?
19
Let t = -1 + 6. Suppose -4*i + 2*w + 2 = 0, 0 = -t*w - 1 - 4. What is the remainder when 11 is divided by (1 + i)/(1/4)?
3
Suppose 6*i - 2*i = 336. Let c = -46 + i. What is the remainder when c is divided by 13?
12
Let v = -45 - -74. Let r = 30 + -19. Suppose -5*s + 65 = 5*b, -3*s + 2*b + 35 = r. Calculate the remainder when v is divided by s.
9
Let h = -11 + 18. Let g = 66 + -47. What is the remainder when g is divided by h?
5
Let d = -11 + 7. Let k(o) = o**2 - 2*o + 1. Calculate the remainder when k(d) is divided by 9.
7
What is the remainder when (-5)/5 - -19*3 is divided by 19?
18
Let d(i) = i**3 + 10*i**2 - 8*i - 2. Let b be d(-11). Let o = b + 50. Suppose -12 - 12 = -3*a. Calculate the remainder when o is divided by a.
7
Calculate the remainder when 104 is divided by -2 + -1 + 37 + 1.
34
Let q(p) = 3*p**3 - 3*p**2 - p + 2. Let i be q(2). Let n be ((-16)/(-24))/(2/i). Suppose 8*j = n*j + 28. Calculate the remainder when 26 is divided by j.
5
Suppose 2*r - 103 = g, 0 = 4*r - 10*g + 6*g - 216. What is the remainder when r is divided by 10?
9
Let o be (-188)/(-16) + (-1)/(-4). What is the remainder when (-100)/(-3) + (-4)/o is divided by 12?
9
Let m = 261 - 110. Calculate the remainder when m is divided by 17.
15
Let i(z) = z**3 - 7*z**2 - 7*z + 11. What is the remainder when i(8) is divided by 8?
3
Let m = -16 - -33. Let d = 31 - m. Calculate the remainder when 41 is divided by d.
13
Suppose 18 = f + 4*p, 5*f - 4*p = f + 52. Let s(u) = 39*u**2 + 1. Let z be 3/1 - 2*1. What is the remainder when s(z) is divided by f?
12
Let b = -25 - -45. Suppose 2*m - 4*m + 10 = 0. Suppose -m*t = -3*t - 22. What is the remainder when b is divided by t?
9
Suppose 4 + 5 = x. Suppose -151*d + 146*d = -20. Calculate the remainder when x is divided by d.
1
Let y = 15 - 10. Suppose -4*f + 363 = -2*v + 5*v, -425 = -y*f + 2*v. What is the remainder when f is divided by 22?
21
Let n(y) = -2*y. Let z be n(2). Suppose 3*f - 4*r - 27 = 0, 2*f + 0 - 11 = 5*r. What is the remainder when f is divided by (2/(-2))/(z/28)?
6
Let q = 179 + -100. Calculate the remainder when q is divided by 20.
19
Suppose -5*p = -36 - 69. Suppose -4*o = -39 - p. Calculate the remainder when 42 is divided by o.
12
Suppose -6*j + j + 20 = 0. Suppose y + j*w + 8 = 0, 5*y + 5*w - 5 = -0*w. What is the remainder when 7*1/3*3 is divided by y?
3
Let h(c) = 16*c - 2 + 4 + 0. What is the remainder when h(2) is divided by 12?
10
Suppose -5*j + 41 = -69. Let o(n) = n**3 + 8*n**2 + 5*n + 1. Calculate the remainder when o(-6) is divided by j.
21
Suppose q = 4*c + 2*q - 37, 3*c = 2*q + 14. Let h = 217 - 204. What is the remainder when h is divided by c?
5
Suppose -5 = -2*p + 11. Suppose -4*z = -p*z + 44. What is the remainder when 19 is divided by z?
8
Suppose 3*h + 5 = 2*q - 0, 2*q + 5*h - 13 = 0. Suppose a = 14 - q. Calculate the remainder when 29 is divided by a.
9
Suppose -2*d = -1 - 9. Calculate the remainder when 13 is divided by d.
3
Let p = 651 + -1099. Calculate the remainder when 37 is divided by p/(-35) - (-1)/5.
11
Suppose 7*d - 2*d = -5*i + 70, -4*d + 50 = -2*i. Calculate the remainder when 51 is divided by d.
12
Let s(j) be the first derivative of 1/4*j**4 - 2 + j**2 + 0*j - 4/3*j**3. Calculate the remainder when s(5) is divided by 12.
11
Suppose 2*n + n - 4*r - 10 = 0, 3 = 4*n + 5*r. Calculate the remainder when 57 + -5 + n + 1 is divided by 29.
26
Let t(z) = z**2 + 2*z - 6. Let m = 13 - 18. Calculate the remainder when 9/12 - (-101)/4 is divided by t(m).
8
Suppose 3*o - 3 = 9. Let v = o + 5. What is the remainder when v is divided by (27/(-12))/(3/(-8))?
3
Suppose -2*d = -0*d + 5*w - 19, 0 = 2*d - w - 49. What is the remainder when 43 is divided by d?
21
Suppose -2*y = -5*z + 21, -5*z = 5*y - 0*y - 35. Suppose 0*q + 2*q - 4 = 0. Calculate the remainder when q is divided by y.
0
Suppose 4*w + y = 172, y + 43 = w + 3*y. What is the remainder when w is divided by 22?
21
Suppose 2*v - 3 = v. Let r be (6/v - 1) + 2. Suppose -5*f - 4*t + 46 = -117, 4*t = -r*f + 93. Calculate the remainder when f is divided by 12.
11
Let p = 8 - 4. Suppose -2*w + 52 = p*s, 3*s + 5*w = -0*w + 46. Calculate the remainder when 19 is divided by s.
7
Let y be (6/(-8))/(2/(-8)). Suppose -j = -3*h + 2 - 1, 5*h - 4*j + y = 0. Suppose 2*l + h = 19. Calculate the remainder when 25 is divided by l.
7
Suppose 0 = 2*x + f - 18, 0*f + 2*f - 44 = -5*x. What is the remainder when (-124)/x*(-2 + 0) is divided by 8?
7
Let o be (-165)/(-25) - 4/(-10). Suppose -3*j = -4*q + o, -8 = -4*q + 8. What is the remainder when 31 is divided by 6/j*(-33)/(-6)?
9
Suppose -2*f + 60 = 2*f. Let u(c) = -c**2 + 12*c - 13. Let v be u(15). Let s = 85 + v. Calculate the remainder when s is divided by f.
12
Let q = 3 + 5. Suppose 0*k + 3*k - 327 = -d, 3*k - 2*d - 336 = 0. Suppose -4*j - k = -9*j. Calculate the remainder when j is divided by q.
6
Let r = 50 + -29. Let b = -4 - -16. Calculate the remainder when r is divided by b.
9
Suppose 69 = 5*w + 4*m - 36, 4*w - 4*m - 48 = 0. Calculate the remainder when 33 is divided by w.
16
Let z(w) = 3 - 4*w + 2*w**2 + 3*w + 0*w + 4*w - w**3. What is the remainder when z(-2) is divided by 5?
3
Let l = -7 - -12. Let j(o) = 9*o - 2. What is the remainder when j(l) is divided by 15?
13
Let g = 121 - 51. Suppose 0 = -3*s - 4*o + g, -4*o = -2*s - s + 38. Suppose 6*h = 2*h + 28. Calculate the remainder when s is divided by h.
4
Suppose 2*j + 3*b = -j - 12, 5*b = 4*j - 29. Let l = -3 + 3. Let s = 1 + l. What is the remainder when s is divided by j?
0
Let g = 53 - 10. What is the remainder when g is divided by (40/(-16))/((-2)/12)?
13
Suppose 0*h + 60 = 5*h. What is the remainder when 21 is divided by h?
9
Let p(j) = j**3 - 8*j**2 + 8*j - 5. Let w be (3 - 2)*7 + 0. Let g be p(w). What is the remainder when 224/4 + g/(-1) is divided by 14?
12
Suppose 5*h + b = h + 5, h + 13 = -5*b. Suppose -3*q + 5 = f, 3 = 6*q - 2*q + 5*f. Calculate the remainder when h is divided by q.
0
Suppose -3*d = -2*s - 46, 0*s - 4 = -d - 5*s. Suppose x - 3*c - 12 - 4 = 0, -3*x = 5*c + 8. What is the remainder when d is divided by x?
2
Let f(i) = i**2 - 5*i + 4. Let t = 1 - -4. Let s be f(t). Let c(r) = 2*r - 5. Calculate the remainder when 8 is divided by c(s).
2
Let r(o) be the third derivative of 1/6*o**4 - 5/6*o**3 + 0 + 0*o + o**2. Calculate the remainder when r(7) is divided by 12.
11
Let n = -2 - -5. Suppose 2*i - m - 22 = 2, n*i - 5*m = 43. Let z = 98 - 67. Calculate the remainder when z is divided by i.
9
Suppose 0*x + 5*x - 5 = 0. Calculate the remainder when 2 is divided by x.
0
Let i(h) = h**3 + 3*h**2 - 6*h - 5. Let n be i(-4). Let w(m) = 3 + m - 3*m + n*m. Calculate the remainder when 23 is divided by w(5).
7
Suppose -4*t - 5*s = 5, t + 4*t - 5*s = 5. Suppose -m = -t - 4. Let o = -13 - -24. Calculate the remainder when o is divided by m.
3
Calculate the remainder when 363/21 + -1 + (-20)/(-28) is divided by 5.
2
Let z = 0 + 2. Let f(x) = 4*x + 3*x**3 - 4*x - x + 2 - 2*x**2. What is the remainder when 31 is divided by f(z)?
15
Let w = -7 + 9. Suppose -2*j - w*n = j - 98, -3*j = n - 100. What is the remainder when j is divided by 12?
10
Let x = -18 + 18. Suppose x = -r + 28 + 9. Calculate the remainder when r is divided